and t?
14
Let d(b) = -228*b - 143. Let t be d(-8). Suppose 0 = -t*u + 1680*u + 304. Calculate the greatest common factor of 38 and u.
38
Suppose 688*m = 755*m - 259960. What is the highest common factor of m and 16?
8
Let m = 14 + -6. Let t be -4*(-31)/m*2. Suppose -78*o - 131*o = -11948 - 20447. What is the highest common divisor of t and o?
31
Let a(c) = 17*c**2 - c. Let n be a(-1). Suppose -14*p = 168 - 42. Let m be (-15)/p*51 - -5. Calculate the greatest common factor of n and m.
18
Suppose -438 = -5*p + 947. Let s = 373 - p. Calculate the greatest common factor of s and 108.
12
Suppose -5*z = -14 - 1. Let g = 49 + z. Let p(a) = -6*a + 12. Let t be p(-11). Calculate the highest common divisor of t and g.
26
Let d(m) = -m**2 - 19*m - 52. Let g be ((-135)/(-18) + -8)*60/2. Let q be d(g). What is the greatest common divisor of 6 and q?
2
Suppose 5*x + v = 4*v - 12, 4*v = 16. Suppose -8*l + 116 + 92 = x. Calculate the greatest common divisor of 13 and l.
13
Let x = -134 + 168. Suppose -22*f - 696 = -x*f. What is the highest common factor of f and 2?
2
Let m = 2926 - 2899. What is the highest common divisor of 384 and m?
3
Let w be (4/5)/(14/35). Let m = -6150 + 6326. What is the greatest common factor of m and w?
2
Suppose -2739 + 459 = -5*t - 4*v, t + 5*v - 456 = 0. What is the greatest common factor of t and 57?
57
Let o be (-262)/5*23/((-736)/3280). What is the highest common factor of 262 and o?
131
Let r(s) = 1021*s + 96. Let c be r(3). Suppose 2*m + c = 29*m. Suppose v - 26 = -0*v - 2*t, 3*v - t - 78 = 0. What is the greatest common factor of m and v?
13
Let k(d) be the second derivative of d**5/20 - 41*d**4/12 - 13*d**3/2 + 135*d**2/2 - 318*d. Let r be k(42). What is the greatest common factor of 29 and r?
29
Let a(o) = 2*o**2 - 58*o - 155. Let k be a(32). Calculate the highest common divisor of k and 111.
37
Suppose -20*l = -26*l + 11*l - 1035. What is the greatest common divisor of 23 and l?
23
Let f be (-21)/(-11)*(-1034)/(-282). Let x = 1633 + -1010. What is the greatest common divisor of x and f?
7
Let h(u) = -u**2 - 14*u - 17. Let d be h(-10). Suppose -d*o = -19*o - 1232. Calculate the greatest common factor of o and 56.
28
Let z be (-1064)/(-12) + -1 + 146/(-219). What is the greatest common factor of z and 232?
29
Suppose 5*p = -a + 87, -p + 0*a + 7 = -5*a. Suppose -5*f - 5*g + 630 = 0, p*g - 13*g + 126 = f. What is the greatest common factor of f and 18?
18
Let g = -298 + 281. Let b = g + 54. Suppose 3*w - 279 = -k - w, -k + w = -254. Calculate the highest common divisor of b and k.
37
Suppose 1121 + 48 = 7*z. Let q = z + -26. Suppose -195 = -4*t + q. Calculate the greatest common factor of 12 and t.
12
Suppose 0 = 23*k - 21*k - 384. Suppose 0 = v - k + 76. What is the highest common factor of 290 and v?
58
Suppose -34*w + 71 = 1159. Let h be 137 - w/(-64)*(-1 - 5). What is the highest common divisor of h and 100?
20
Let k = 3659 - 2417. What is the greatest common factor of k and 54?
54
Suppose -u - 4*i = 4, 5*u + 3*i + i = -4. Suppose u*b = 8*b - 96. Let q be (-63)/b*16/(-6). Calculate the highest common factor of 42 and q.
14
Let h(i) = 733*i - 148. Let g be h(13). What is the greatest common factor of 318 and g?
159
Let p(y) = 29*y - 217. Let f be p(8). What is the highest common factor of f and 9615?
15
Let u be 40/(-140) + 8/28 + 3139. Calculate the greatest common factor of 73 and u.
73
Let f = 37 - -3. Suppose 2791 = 2*a + 913. Let z = 999 - a. What is the highest common divisor of f and z?
20
Let w be 4/4 - 35 - (0 - 1). Let l = w + 13. Let o be (l/6)/((4 - 8)/72). What is the highest common factor of o and 45?
15
Let o be (-19)/(-38) + 1 - (-3)/((-6)/(-319)). Calculate the greatest common divisor of 26887 and o.
161
Suppose 0 = -5*o - 5, -10*d - 3000 = -7*d + 3*o. Let r be d/(-9) + (-3)/1. Calculate the highest common divisor of r and 27.
27
Let w be ((-120)/(-28))/(1/7). Suppose -2*j + 0*j = a - w, -5*a + 105 = -5*j. Let p be (-6 + 2)/(0 - 4/a). Calculate the highest common divisor of p and 12.
12
Let c be (-1)/(2/(-10))*(-39 + 40). Suppose -103 = u + k, 0 = c*u - 3*k + 138 + 345. Let g = u + 163. Calculate the greatest common factor of g and 16.
16
Suppose -2*q + 79 = k, 0 = 4*q + 4*k + 115 - 271. Let x be 2/(-4) + (-567)/(-14). Suppose -3*j + x = 2*j. Calculate the greatest common factor of j and q.
8
Suppose -13 = -3*m + 2*z, -m = -2*m - z + 1. Suppose 4*v + 35 = 5*v + 3*w, -m*v = w - 81. Calculate the greatest common divisor of v and 377.
13
Let k be (-10)/(10/4*-1). Let t(d) = -d**3 - 2*d**2 + 5*d + 4. Let c be t(-5). Let v be ((-16)/(-6))/(4/c). Calculate the highest common factor of v and k.
4
Let l(v) = -5*v + 119. Let p be l(23). Suppose p*s - 23 = 3*k, -s + 3*k = k - 7. Let u be 41/(-1 - -2) + -1. Calculate the highest common divisor of u and s.
5
Let q be 67260/8 - -8 - ((-60)/8 + 6). What is the highest common factor of q and 38?
19
Let h = 12 + 24. Let m = 39 - h. Suppose -8 = -4*u - 4*k, 6 = m*u - 3*k - k. What is the highest common factor of 14 and u?
2
Let s be 2 + -4 - -90*1. Let f(y) = y**3 - 12*y**2 + 9*y - 2. Let k be f(11). Let b = 32 + k. What is the greatest common factor of b and s?
8
Let w = 6826 + -6754. What is the greatest common factor of 5652 and w?
36
Suppose -2*q - 37 = 25. Let s(a) = -a**2 - 34*a - 65. Let b be s(q). What is the greatest common factor of 364 and b?
28
Suppose 402 = 2*p - 3*d, 0 = -p - 0*d + 5*d + 208. Suppose 2264 = 164*r - 3581 - 5963. What is the highest common divisor of r and p?
18
Suppose 1362*c - 3040 = 1352*c. Calculate the highest common factor of 112 and c.
16
Let c be (44/(-55))/(4/(-10)). Suppose d + 20 = -10*r + 7*r, -2*d - 4 = -3*r. Let v be -4 + 96 + d/c. Calculate the greatest common divisor of v and 8.
8
Suppose 42*a - 15 = 39*a. Suppose 0 = 11*j - a - 17. Let t(s) = -2*s**3 - s**2 - 2*s. Let m be t(-2). Calculate the greatest common factor of j and m.
2
Let m be -4 - (-3 + 6 + -229) - (7 - 1). What is the highest common factor of m and 104?
8
Suppose 19 = -5*b - 6, 340 = -5*g - 2*b. Let k = g + 73. Calculate the highest common divisor of k and 4.
1
Suppose a = -0*a + 329. Let x(c) = -7*c**2 - 38*c - 13. Let n be x(-5). Suppose -n*d + a = -1. What is the highest common divisor of 15 and d?
15
Let y(z) = -24*z - 10. Let t be y(0). Let l be (-27 - -27) + 3/((-3)/t). Calculate the greatest common divisor of 105 and l.
5
Let a be 138/(-9) - ((-3)/9 - -1 - 1). Let j be -3*(2/6 - 1). Let h be a/10 - (-23)/j. What is the greatest common divisor of 70 and h?
10
Suppose 713 = 2*r - 5*u, 2*r - 16*u + 12*u = 718. Calculate the highest common factor of 779 and r.
41
Suppose s + 46 = 2*q + 3, -69 = -3*q + 3*s. Suppose -q = -6*w + 736. Calculate the greatest common factor of w and 189.
63
Suppose 3*n = 4*n + 4*t - 14, 4*n - 86 = -t. Suppose -56*g + 2970 = -29*g. Calculate the greatest common factor of n and g.
22
Let a(b) = 6*b**2 - 45*b - 147. Let f be a(11). What is the highest common divisor of f and 896?
28
Let f(h) = h**2 - h + 6. Let u be f(0). Let x be -5 + 10 + 1 + -4. Suppose x*z + 25 = 157. Calculate the greatest common factor of z and u.
6
Let h = -3977 - -3997. What is the highest common factor of 5380 and h?
20
Let t(a) = -a**3 + 21*a**2 - 55*a + 15. Let s be t(19). Let o be (-1)/(1/(-7)) - s/77. What is the highest common factor of 209 and o?
11
Let a(i) = -38*i + 240. Let f be a(0). What is the greatest common factor of f and 2320?
80
Let z(n) = -62*n + 116. Let a be z(-18). Suppose -8*o = -36*o + a. What is the highest common divisor of o and 22?
22
Let p = -482 + -152. Let h = -602 - p. What is the greatest common factor of 56 and h?
8
Let b be (-1)/(-5) + ((-16764)/30)/(-11). Suppose -2*l + b = 47. Let w be l*(1/2 + 3). Calculate the highest common divisor of 7 and w.
7
Let a(p) = -p**3 + 22*p**2 + 4*p + 24. Let c be a(22). Let h be 5/(25/(-20)) - 17. Let w = 35 + h. What is the highest common factor of c and w?
14
Suppose -47*t = -34*t + 76*t - 890. Calculate the greatest common factor of 74 and t.
2
Suppose 0 = -5*a + 5*z - 2045, -2*a - 5*z + 219 - 1058 = 0. Let k = -308 - a. What is the highest common divisor of 260 and k?
52
Let k(f) = 12*f - 18 + f**2 - 33*f + 13*f. Let j be k(8). Let r = j - -38. What is the highest common factor of r an